
17a
In base 6, what is 12 + -1?
11
In base 9, what is -21 + -25?
-46
In base 2, what is 1001010000100110 + 10?
1001010000101000
In base 3, what is -2 + -12102?
-12111
In base 12, what is -1 - -4ab?
4aa
In base 6, what is 2 - -301?
303
In base 5, what is 13 - -331?
344
In base 16, what is 0 + -9?
-9
In base 9, what is 1410 + 5?
1415
In base 15, what is -4 - -119?
115
In base 8, what is 50 - 44?
4
In base 16, what is -7395 - -5?
-7390
In base 3, what is 110 - -20?
200
In base 15, what is -120 + 1?
-11e
In base 2, what is 101110 - -1?
101111
In base 9, what is -14 + 484?
470
In base 10, what is -136 + 4?
-132
In base 12, what is 5 - -a38?
a41
In base 3, what is -2 - -2020201?
2020122
In base 11, what is -2 + -1025?
-1027
In base 7, what is -5 + 10?
2
In base 12, what is 13 - 5?
a
In base 2, what is -1 + 1110100?
1110011
In base 13, what is 5 + -4a2?
-49a
In base 3, what is 0 - 11111?
-11111
In base 8, what is 1 + 33?
34
In base 12, what is 72b4 - -4?
72b8
In base 14, what is b + 1?
c
In base 11, what is 2 + 254?
256
In base 8, what is 147 + -34?
113
In base 5, what is 223133 - -3?
223141
In base 13, what is 9cc2 - -5?
9cc7
In base 3, what is 11 - -11201012?
11201100
In base 2, what is 1100011110 - -101?
1100100011
In base 7, what is -5624 - -4?
-5620
In base 10, what is 24 - -219?
243
In base 15, what is 6d5 + -5?
6d0
In base 10, what is -14 - -40?
26
In base 4, what is 10203100 - 0?
10203100
In base 16, what is 4 + -12f?
-12b
In base 4, what is 20113 - -1?
20120
In base 12, what is -43 - 4?
-47
In base 13, what is b2 - -c?
c1
In base 5, what is -24 + 120?
41
In base 13, what is -384 + 0?
-384
In base 7, what is 0 - -10?
10
In base 5, what is 3 + -3?
0
In base 16, what is 2 - 52e?
-52c
In base 10, what is 217 + -7?
210
In base 12, what is -6 + a?
4
In base 7, what is -21451 + -2?
-21453
In base 8, what is -1 + -105?
-106
In base 14, what is -3092 + -4?
-3096
In base 8, what is 5 - 341?
-334
In base 7, what is 5 - -25?
33
In base 9, what is 2860 + 5?
2865
In base 7, what is -200 - -3?
-164
In base 6, what is -211003 - 4?
-211011
In base 11, what is -10 + -98?
-a8
In base 10, what is -8799 - 3?
-8802
In base 9, what is 214 - -5?
220
In base 15, what is -18 - -5?
-13
In base 13, what is -19 + -7?
-23
In base 9, what is 37 + -1?
36
In base 11, what is 161 + -5?
157
In base 5, what is -11102 + 2?
-11100
In base 9, what is 35 + 0?
35
In base 16, what is 4 - -43?
47
In base 10, what is 3 - -506?
509
In base 12, what is 42 - 54?
-12
In base 13, what is 24 + -2?
22
In base 3, what is -110110 - -2?
-110101
In base 2, what is 100 - 100011101?
-100011001
In base 14, what is -d + -76c?
-77b
In base 5, what is -10 - -323?
313
In base 8, what is -34 - 35?
-71
In base 9, what is -1 + -70?
-71
In base 10, what is 13 + 8?
21
In base 15, what is -7 + 4de?
4d7
In base 7, what is -1 + 1254?
1253
In base 16, what is -7 - -5c?
55
In base 6, what is -13 - -124?
111
In base 3, what is 20021200 + -2?
20021121
In base 8, what is 365 - -1?
366
In base 3, what is -102121012 + -11?
-102121100
In base 12, what is -7 - 8?
-13
In base 10, what is -2 + 829?
827
In base 6, what is -104422 - 4?
-104430
In base 5, what is -10331 - 0?
-10331
In base 13, what is 1 - -34?
35
In base 14, what is 19699 - 0?
19699
In base 6, what is -1 + -45?
-50
In base 12, what is -b - -26?
17
In base 16, what is -7 - 49?
-50
In base 6, what is -232 + 20?
-212
In base 14, what is 52 - 1?
51
In base 9, what is -4 + -1703?
-1707
In base 4, what is -30 - -121?
31
In base 4, what is -1 + 1021?
1020
In base 3, what is 1211111 + 12?
1211200
In base 12, what is -5 - -21?
18
In base 15, what is -4 + c1d?
c19
In base 13, what is -2 + 584?
582
In base 4, what is 22221 + -11?
22210
In base 9, what is -4278 + -1?
-4280
In base 8, what is -314 + 3?
-311
In base 2, what is 1111 + -1001?
110
In base 13, what is -1 + 3a9?
3a8
In base 9, what is 4 - 1070?
-1065
In base 4, what is -1103103 + -12?
-1103121
In base 2, what is 10 + -11001010?
-11001000
In base 8, what is 252 + -2?
250
In base 15, what is 0 + 145b?
145b
In base 10, what is 3 + 108?
111
In base 13, what is 37 + 1?
38
In base 8, what is -33 - -3?
-30
In base 11, what is 87 + -6?
81
In base 12, what is 319 - 5?
314
In base 13, what is -b + -87?
-95
In base 14, what is -45 + -1?
-46
In base 2, what is 10 - -101010011000?
101010011010
In base 8, what is -435 - -7?
-426
In base 8, what is -3014 - 3?
-3017
In base 16, what is 3 - -4?
7
In base 15, what is 4 - -1aa2?
1aa6
In base 4, what is 322 - 3?
313
In base 13, what is -459 + c?
-44a
In base 9, what is 5 - 3113?
-3107
In base 2, what is -11101 + 10000?
-1101
In base 11, what is 2 - -353?
355
In base 8, what is -37 + -4?
-43
In base 5, what is -1104 - -11?
-1043
In base 13, what is 11 + 258?
269
In base 11, what is 49 + -88?
-3a
In base 15, what is 8 - -61?
69
In base 7, what is -3 + 12153?
12150
In base 15, what is 8e - 3?
8b
In base 2, what is 100 - -11110000?
11110100
In base 15, what is -3a - -1c?
-1d
In base 3, what is 200202001 - 12?
200201212
In base 9, what is 5 + -122?
-116
In base 7, what is 5 + -64?
-56
In base 13, what is -a + -cc?
-109
In base 12, what is -5 + -12a?
-133
In base 6, what is 3 + 1011?
1014
In base 15, what is -21b - -1?
-21a
In base 5, what is 4 + -211?
-202
In base 13, what is -8 - 94?
-9c
In base 5, what is -1034 + 13?
-1021
In base 7, what is 15305 - 4?
15301
In base 12, what is 2 + 81?
83
In base 14, what is 0 - -387?
387
In base 4, what is -23 + -2?
-31
In base 15, what is 5 + -295?
-290
In base 5, what is 10 - -11432?
11442
In base 10, what is 58 + -130?
-72
In base 7, what is 521 + 0?
521
In base 12, what is 144 - 5?
13b
In base 14, what is -6 - -49?
43
In base 12, what is -14a + 0?
-14a
In base 11, what is -4 + -76?
-7a
In base 10, what is 145 + -4?
141
In base 8, what is 17234 - 3?
17231
In base 6, what is 5010 + -13?
4553
In base 10, what is 130 + -5?
125
In base 13, what is 7 - 66c?
-665
In base 11, what is 66 - 5?
61
In base 8, what is -6 + -302?
-310
In base 3, what is 2 - 21022?
-21020
In base 11, what is -20 + 0?
-20
In base 10, what is 3 - -44?
47
In base 10, what is 5 + 105?
110
In base 7, what is 1 - -2340?
2341
In base 15, what is 3 + -30?
-2c
In base 12, what is 360 + -4?
358
In base 10, what is -181 - 1?
-182
In base 11, what is 2 - 35?
-33
In base 3, what is -11010121 - 11?
-11010202
In base 8, what is -112 + 12?
-100
In base 15, what is d2c - 3?
d29
In base 13, what is 1 + 17b?
17c
In base 10, what is 35 + -20?
15
In base 10, what is -283 + -49?
-332
In base 5, what is -12 - 110?
-122
In base 10, what is 4515 - 2?
4513
In base 16, what is 141a + -4?
1416
In base 8, what is -5 - 331?
-336
In base 7, what is 0 + 1343?
1343
In base 8, what is 46 - -26?
74
In base 14, what is -5 - 7b?
-82
In base 12, what is 295 + -12?
283
In base 11, what is 598 - 3?
595
In base 7, what is -201 + 6?
-162
In base 13, what is -b9 - -5?
-b4
In base 16, what is 401 + -c?
3f5
In base 15, what is -5 - -128?
123
In base 2, what is -1 - -10010?
10001
In base 2, what is -1001 - 0?
-1001
In base 5, what is 3 - -120123?
120131
In base 6, what is 1 - 552?
-551
In base 5, what is 2 + -311?
-304
In base 7, what is 0 - -114?
114
In base 8, what is -1111 + 6?
-1103
In base 16, what is -1 + 7?
6
In base 5, what is 1144 - -10?
1204
In base 5, what is 12 + -14?
-2
In base 8, what is -25 - 414?
-441
In base 11, what is 3 - -11?
14
In base 12, what is a0 - 1?
9b
In base 4, what is -202 - 11203?
-12011
In base 10, what is 0 + 57?
57
In base 16, what is 1a + -c?
e
In base 3, what is -2 - 2221?
-10000
In base 8, what is 20 + 351?
371
In base 6, what is 2331 + 3?
2334
In base 10, what is 524 - 1?
523
In base 10, what is 23036 + 5?
23041
In base 8, what is -210 + 144?
-44
In base 4, what is -21 + 122101?
122020
In base 6, what is 2 - 105?
-103
In base 13, what is 1a76 + -9?
1a6a
In base 16, what is -3a9 - -1?
-3a8
In base 7, what is -1 - 226?
-230
In base 13, what is -4a2c + 2?
-4a2a
In base 11, what is -1 - 509a?
-50a0
In base 2, what is 1001 - 11011111000?
-11011101111
In base 12, what is 2 + a97?
a99
In base 10, what is -7 + 120?
113
In base 11, what is -294 - -3?
-291
In base 7, what is 41 - 6?
32
In base 16, what is -5 - -152?
14d
In base 10, what is -25 - -8?
-17
In base 16, what is -3 - 1f?
-22
